+ 4. Suppose c*i - 255 = 2*i. Is i prime?
False
Suppose -39109 - 17142 = -13*f. Is f a prime number?
True
Let k(v) = v + 1. Let f be k(2). Let r(a) = -318*a**2 + 11. Let t(l) = 106*l**2 - 4. Let o(z) = -3*r(z) - 8*t(z). Is o(f) composite?
False
Suppose -h = -3*h + 3*g + 16793, -5*h = -5*g - 41990. Is h prime?
False
Let j = -46 - -49. Suppose -j*f + 4*n = -74 - 12, n = 3*f - 80. Is f a composite number?
True
Let q(o) = 60*o**2 - 2*o + 1. Let i = -21 + 12. Let y = 10 + i. Is q(y) a prime number?
True
Let v be 0/(-1)*2/4. Suppose -380 = -4*b - 2*r, v = -2*b - 6*r + 2*r + 196. Is b composite?
True
Suppose 0 = -3*n + 2*o - o + 13, o = -2*n + 2. Let t(i) = -i**3 + i**2 + 2*i - 7. Let u(s) = s**2 + s - 7. Let k(v) = -3*t(v) + 2*u(v). Is k(n) prime?
True
Let w(d) = 107*d + 37. Suppose 46 = 2*r + 18. Is w(r) a prime number?
False
Let t = 8148 + -2390. Suppose 4*h = -2*o + 4422, -5*o + 5352 = -h - t. Is o a prime number?
True
Let s be 42/11 - 18/(-99). Suppose -2*i = -3*i + 1, 3*z - 5024 = s*i. Suppose 4*h = 8*h - z. Is h a prime number?
True
Let s(r) = 447*r - 102. Is s(7) a prime number?
False
Let m be (6 - (-9)/(-3)) + 0. Suppose -z - m*z + 27 = -3*u, 3*u - 54 = -5*z. Suppose 295 = z*d - 4*d. Is d prime?
True
Is -1 + (-45356)/(-30) + (-18)/(-135) a composite number?
False
Let a(d) = 983*d + 290. Is a(27) a composite number?
True
Let l(i) = i**3 - i + 824. Let p be l(0). Suppose -4*z + 2*h = 1288, 3*z - 5*h + p = -142. Is z/(-6) - (-8)/(-12) a composite number?
False
Let g be (-1)/(-7) + 24/(-21). Let s(f) = 6666*f. Let w be s(g). Is w/(-42) - 4/(-14) a composite number?
True
Suppose -3*t + 2*z = -7, 3*t - 2 = z + 9. Suppose 4*n + t*g - 13788 + 2844 = 0, -n - 3*g + 2729 = 0. Is n a composite number?
False
Is (-1 - (7 - -3)) + 18490 prime?
False
Let w(k) = -k**3 + 15*k + 17 + 16*k**2 - 14*k**2 - 11*k**2. Is w(-12) a composite number?
False
Suppose 6*l = 3*l + 6. Suppose -3*x = 3*k - 375, -k = l*x + x - 125. Suppose 0 = -2*u - 2, 4*b - 5*u - k = -4*u. Is b prime?
True
Let p = 3 + 1. Suppose 0 = -5*d + 10, 9*d - 10310 = -5*i + 4*d. Suppose 837 = 2*l + 3*v, -l - v = p*l - i. Is l composite?
True
Let a = 12450 + 3565. Suppose 5*y - a = -5370. Is y prime?
True
Let z(x) = -134*x + 10. Let a be z(-2). Suppose -l + 431 = -a. Is l a composite number?
False
Let i be 15 - 18 - (-10)/2. Suppose 5*b - b + v = 92, -2*v = i*b - 46. Is b prime?
True
Let d(y) = -y**2 + 4*y - 4. Let i(f) = -f + 1. Let o(w) = -d(w) - 5*i(w). Let v(u) = -11*u + 6. Let l(k) = 2*o(k) + v(k). Is l(7) a prime number?
False
Let q(m) = m**3 + 12*m**2 + 12*m + 9. Let u = 71 + -81. Is q(u) a prime number?
True
Is (-79698)/(-15) + 84/105 a composite number?
True
Suppose -5*h - 8125 = 3*n, -2*n + 3955 = -3*h - 901. Let f = h - -2339. Is f a prime number?
False
Suppose u - d - 37531 = 0, 0 = u + 24*d - 22*d - 37525. Is u composite?
False
Let d(w) = -w**2 + 13*w - 3. Let r be d(12). Suppose -6*b = -r*b + 735. Suppose -s - 4*s + b = 0. Is s composite?
True
Let d be -24 + 0 + -2 + 3. Let u = -9 - d. Is (-8170)/(-14) - 8/u composite?
True
Let m(s) = s**3 - 3*s. Let h be m(3). Is 1532/h - 1/9 prime?
False
Let f(r) be the third derivative of 0*r + 5*r**2 + 2/3*r**3 - 59/24*r**4 + 0. Is f(-2) a prime number?
False
Let q be ((-105)/(-30))/((-2)/(-36)). Suppose 61*x + 694 = q*x. Is x a prime number?
True
Let u be (-3 + 2)/(((-3)/5)/3). Let o(i) = 6*i**2 + 9*i + 5. Let v be o(-6). Suppose -v = -u*c + 178. Is c composite?
True
Let g(x) = 4150*x - 47. Is g(3) a prime number?
False
Let a be 1/((-3)/75)*-1. Suppose -5*o + 2*o - 2*f + 305 = 0, -5*f = a. Suppose v - o = 1. Is v a prime number?
False
Let c(l) = -l**2 - 5*l - 2. Let n be c(-6). Let u be 12/n*(5 - -313). Let m = -262 - u. Is m composite?
True
Let v(p) = -p**3 - 18*p**2 + 21*p - 10. Let m be v(-19). Is -1478*(56/m - (-2)/3) composite?
False
Let w be (-66)/(-14) + 1*(-8)/(-28). Suppose w*l = -0*l + 3775. Is l a prime number?
False
Suppose 5*l - 20897 = 2*q, -5*q = -3*l - 0*l + 12523. Is l prime?
False
Is 22883/14 + 15/6 a prime number?
True
Let v(n) = -n**2 + 5*n - 8. Let c be v(4). Let y be 2/(7/((-3654)/c)). Let m = y - 26. Is m a composite number?
True
Let k(u) = 557*u**3 + u - 1. Let d(h) = -h**3 - 6*h**2 + 1. Let s be d(-6). Let y be 3 - ((-4)/s + 6). Is k(y) a composite number?
False
Suppose 14 + 14 = 4*z + i, 0 = z + 2*i. Suppose -6*s + z*s - 130 = 0. Is s a prime number?
False
Suppose -4*m - 3*z + 45722 = 0, z + 11437 = m + 5*z. Is m a composite number?
True
Suppose 9*p = 10282 + 28481. Is p prime?
False
Let l = -7633 - -13556. Is l a composite number?
False
Let z = -429 + 466. Is z a composite number?
False
Let h = 2626 + -5487. Is (-2)/(14307/h - -5) a composite number?
False
Let v = 3646 - -1393. Is v prime?
True
Let w = -43 - -47. Suppose w*c - 171 = -5*c. Is c prime?
True
Let w(h) = -19*h + 17. Let u be w(-6). Suppose -3*j + 4*j = 4*d + u, 4*d + 258 = 2*j. Is j a composite number?
False
Let a = 6011 - 1072. Is a prime?
False
Let y(k) = k**3 + 3*k**2 + 2*k + 2. Let t be y(-2). Let m(o) = -5 - 11*o - 5*o**2 + o**3 - 6*o**t + 0*o**2 + 15. Is m(12) composite?
True
Let d(k) = -11852*k**3 - 2*k**2 - 3*k - 2. Is d(-1) a prime number?
False
Let r = -30 + 66. Is (6/r*6873)/(1/2) a prime number?
False
Suppose -1 = v + i, -2*v + 4*i + 4 = -v. Suppose -b - 573 + 2878 = v. Is b a composite number?
True
Suppose -13904 - 19005 = -o + 5*y, 3*o + y - 98727 = 0. Is o composite?
False
Let t(h) = -6*h**3 - 6*h**2 + h - 163. Let y(l) = -5*l**3 - 5*l**2 + l - 164. Let g(o) = 4*t(o) - 5*y(o). Let x be g(0). Let k = x - 74. Is k a prime number?
False
Is ((-2)/(-6)*-1*12219)/(-1) a prime number?
True
Let c be 12/30 + (-133)/(-5). Let f = c + 508. Is f composite?
True
Suppose -d + 781 = 4*k, 2*d - 3139 = -2*d - k. Is ((3 - -1) + d)*1 prime?
False
Is (359256/(-72))/((-1)/3) a prime number?
True
Let i = 79 + -77. Suppose 3*w = w + 234. Let k = w - i. Is k a prime number?
False
Let d(s) = -70*s + 71. Is d(-29) composite?
True
Let f(b) be the third derivative of -19/6*b**3 + 0 + 17/12*b**4 + 8*b**2 + 0*b. Is f(14) prime?
True
Suppose 22*b - 28*b = -153222. Is b prime?
True
Let y(l) = l + 7. Let m be y(-10). Let u be 1*m/3 + 1. Is 23*(u - -1)*3 prime?
False
Let t = 16 + -14. Suppose 4 = t*h - 0. Suppose h*i - 1345 = -3*l, -2*l = -3*i - 670 - 205. Is l a prime number?
False
Suppose -13*o - 3*r = -11*o - 25267, -5*r + 37902 = 3*o. Is o a prime number?
False
Suppose -10*d - 112649 = -352959. Is d composite?
True
Suppose 0*s - 16 = -5*s + v, -4*v - 4 = 0. Suppose -s*h - 939 = 4*c, -5*h = 5*c + 439 + 741. Let l = -116 - c. Is l composite?
True
Let f = 48212 - 27211. Is f composite?
False
Let q = -8 - -12. Suppose 0 = 5*n + 6 + q. Is (-175)/n + 1/(-2) a prime number?
False
Let c = 27738 + -15875. Is c a prime number?
True
Suppose 12 + 246 = 3*b. Let a = b + -133. Let k = -10 - a. Is k composite?
False
Let a(w) = -w**2 - 4*w + 4. Let f be a(-5). Is (-16904)/(-40) + (-2)/(-5) + f prime?
False
Let s(k) = -3053*k - 41. Is s(-2) a composite number?
True
Suppose -13*u + 8484 = -33727. Is u prime?
False
Suppose 4*y = 2137 + 7099. Is y prime?
True
Let u = 131 + 2048. Is u composite?
False
Let u(v) = 47*v**2 + 8*v + 20. Let j be u(-3). Suppose l - j - 368 = 0. Is l prime?
True
Let a(w) = -w**2 + 6*w - 1. Let o be a(5). Suppose 2*m - 850 = -o*n, 0*m = -n - 3*m + 220. Is n a prime number?
True
Let f(i) = 17*i**2 + 3*i - 1. Let u(m) = -34*m**2 - 6*m + 2. Let x(c) = -11*f(c) - 6*u(c). Let p(a) = a**2 - 5*a - 3. Let b be p(5). Is x(b) a composite number?
True
Is (-8)/((-304)/865393)*(2 - 0) composite?
True
Suppose -3*g - 72223 = -5*x - 17355, -4*g - 21950 = -2*x. Is x composite?
False
Let z(j) be the first derivative of j**3/3 + 4*j**2 - 25*j + 20. Is z(-18) a composite number?
True
Let v(s) = 3*s**2 - 3*s + 14. Let q be v(10). Let r = 445 - q. Is r a composite number?
True
Suppose -4*k + 4*j - 72 = 0, -3*j + 2*j + 46 = -3*k. Is 1 + 1 + k*(-249)/6 a prime number?
False
Let o = -163 + 22. Suppose -3*a = 4*j - 896, -a - 2*j + 160 = -140. Let k = o + a. Is k a composite number?
True
Let i be ((-20)/(-40))/(1/(-18)). Is 1 + 2 - (-451 - i) prime?
False
Let b(n) be the second derivative of 0 - 1/6*n**3 + 53*n**2 + 10*n. Is b(0) a prime number?
False
Suppose -80*t + 83*t = 188907. Is t compos